{"id":15,"date":"2022-08-31T12:21:29","date_gmt":"2022-08-31T12:21:29","guid":{"rendered":"https:\/\/www.gammaraysolutions.com\/?page_id=15"},"modified":"2022-08-31T12:25:01","modified_gmt":"2022-08-31T12:25:01","slug":"home","status":"publish","type":"page","link":"https:\/\/www.gammaraysolutions.com\/","title":{"rendered":"HELLO, WE&#8217;RE GAMMA RAY SOLUTIONS"},"content":{"rendered":"\n<p class=\"has-text-align-center\">Gamma Ray is a stream of high-energy electromagnetic radiation given off by an atomic nucleus undergoing radioactive decay. &nbsp;Gamma rays have greater energy and penetrating power than x-rays.&nbsp;<\/p>\n\n\n\n<p class=\"has-text-align-center\">And that&#8217;s what we aim to achieve, going deep into any problem, with high energy, finding a solutions.<\/p>\n","protected":false},"excerpt":{"rendered":"<p>Gamma Ray is a stream of high-energy electromagnetic radiation given off by an atomic nucleus undergoing radioactive decay. &nbsp;Gamma rays have greater energy and penetrating power than x-rays.&nbsp; And that&#8217;s what we aim to achieve, going deep into any problem, with high energy, finding a solutions.<\/p>\n","protected":false},"author":1,"featured_media":0,"parent":0,"menu_order":0,"comment_status":"closed","ping_status":"closed","template":"template-full-width.php","meta":{"_monsterinsights_skip_tracking":false,"_monsterinsights_sitenote_active":false,"_monsterinsights_sitenote_note":"","_monsterinsights_sitenote_category":0},"aioseo_notices":[],"yoast_head":"<!-- This site is optimized with the Yoast SEO plugin v19.6 - https:\/\/yoast.com\/wordpress\/plugins\/seo\/ -->\n<title>HELLO, WE&#039;RE GAMMA RAY SOLUTIONS - Gamma Ray Solutions, s.r.o.<\/title>\n<meta name=\"robots\" content=\"index, follow, max-snippet:-1, max-image-preview:large, max-video-preview:-1\" \/>\n<link rel=\"canonical\" href=\"https:\/\/www.gammaraysolutions.com\/\" \/>\n<meta property=\"og:locale\" content=\"sk_SK\" \/>\n<meta property=\"og:type\" content=\"article\" \/>\n<meta property=\"og:title\" content=\"HELLO, WE&#039;RE GAMMA RAY SOLUTIONS - Gamma Ray Solutions, s.r.o.\" \/>\n<meta property=\"og:description\" content=\"Gamma Ray is a stream of high-energy electromagnetic radiation given off by an atomic nucleus undergoing radioactive decay. &nbsp;Gamma rays have greater energy and penetrating power than x-rays.&nbsp; And that&#8217;s what we aim to achieve, going deep into any problem, with high energy, finding a solutions.\" \/>\n<meta property=\"og:url\" content=\"https:\/\/www.gammaraysolutions.com\/\" \/>\n<meta property=\"og:site_name\" content=\"Gamma Ray Solutions, s.r.o.\" \/>\n<meta property=\"article:modified_time\" content=\"2022-08-31T12:25:01+00:00\" \/>\n<meta name=\"twitter:card\" content=\"summary_large_image\" \/>\n<meta name=\"twitter:label1\" content=\"Predpokladan\u00fd \u010das \u010d\u00edtania\" \/>\n\t<meta name=\"twitter:data1\" content=\"1 min\u00fata\" \/>\n<script type=\"application\/ld+json\" class=\"yoast-schema-graph\">{\"@context\":\"https:\/\/schema.org\",\"@graph\":[{\"@type\":\"WebPage\",\"@id\":\"https:\/\/www.gammaraysolutions.com\/\",\"url\":\"https:\/\/www.gammaraysolutions.com\/\",\"name\":\"HELLO, WE'RE GAMMA RAY SOLUTIONS - Gamma Ray Solutions, s.r.o.\",\"isPartOf\":{\"@id\":\"https:\/\/www.gammaraysolutions.com\/#website\"},\"datePublished\":\"2022-08-31T12:21:29+00:00\",\"dateModified\":\"2022-08-31T12:25:01+00:00\",\"breadcrumb\":{\"@id\":\"https:\/\/www.gammaraysolutions.com\/#breadcrumb\"},\"inLanguage\":\"sk-SK\",\"potentialAction\":[{\"@type\":\"ReadAction\",\"target\":[\"https:\/\/www.gammaraysolutions.com\/\"]}]},{\"@type\":\"BreadcrumbList\",\"@id\":\"https:\/\/www.gammaraysolutions.com\/#breadcrumb\",\"itemListElement\":[{\"@type\":\"ListItem\",\"position\":1,\"name\":\"Home\",\"item\":\"https:\/\/www.gammaraysolutions.com\/\"},{\"@type\":\"ListItem\",\"position\":2,\"name\":\"HELLO, WE&#8217;RE GAMMA RAY SOLUTIONS\"}]},{\"@type\":\"WebSite\",\"@id\":\"https:\/\/www.gammaraysolutions.com\/#website\",\"url\":\"https:\/\/www.gammaraysolutions.com\/\",\"name\":\"Gamma Ray Solutions, s.r.o.\",\"description\":\"\",\"potentialAction\":[{\"@type\":\"SearchAction\",\"target\":{\"@type\":\"EntryPoint\",\"urlTemplate\":\"https:\/\/www.gammaraysolutions.com\/?s={search_term_string}\"},\"query-input\":\"required name=search_term_string\"}],\"inLanguage\":\"sk-SK\"}]}<\/script>\n<!-- \/ Yoast SEO plugin. -->","yoast_head_json":{"title":"HELLO, WE'RE GAMMA RAY SOLUTIONS - Gamma Ray Solutions, s.r.o.","robots":{"index":"index","follow":"follow","max-snippet":"max-snippet:-1","max-image-preview":"max-image-preview:large","max-video-preview":"max-video-preview:-1"},"canonical":"https:\/\/www.gammaraysolutions.com\/","og_locale":"sk_SK","og_type":"article","og_title":"HELLO, WE'RE GAMMA RAY SOLUTIONS - Gamma Ray Solutions, s.r.o.","og_description":"Gamma Ray is a stream of high-energy electromagnetic radiation given off by an atomic nucleus undergoing radioactive decay. &nbsp;Gamma rays have greater energy and penetrating power than x-rays.&nbsp; And that&#8217;s what we aim to achieve, going deep into any problem, with high energy, finding a solutions.","og_url":"https:\/\/www.gammaraysolutions.com\/","og_site_name":"Gamma Ray Solutions, s.r.o.","article_modified_time":"2022-08-31T12:25:01+00:00","twitter_card":"summary_large_image","twitter_misc":{"Predpokladan\u00fd \u010das \u010d\u00edtania":"1 min\u00fata"},"schema":{"@context":"https:\/\/schema.org","@graph":[{"@type":"WebPage","@id":"https:\/\/www.gammaraysolutions.com\/","url":"https:\/\/www.gammaraysolutions.com\/","name":"HELLO, WE'RE GAMMA RAY SOLUTIONS - Gamma Ray Solutions, s.r.o.","isPartOf":{"@id":"https:\/\/www.gammaraysolutions.com\/#website"},"datePublished":"2022-08-31T12:21:29+00:00","dateModified":"2022-08-31T12:25:01+00:00","breadcrumb":{"@id":"https:\/\/www.gammaraysolutions.com\/#breadcrumb"},"inLanguage":"sk-SK","potentialAction":[{"@type":"ReadAction","target":["https:\/\/www.gammaraysolutions.com\/"]}]},{"@type":"BreadcrumbList","@id":"https:\/\/www.gammaraysolutions.com\/#breadcrumb","itemListElement":[{"@type":"ListItem","position":1,"name":"Home","item":"https:\/\/www.gammaraysolutions.com\/"},{"@type":"ListItem","position":2,"name":"HELLO, WE&#8217;RE GAMMA RAY SOLUTIONS"}]},{"@type":"WebSite","@id":"https:\/\/www.gammaraysolutions.com\/#website","url":"https:\/\/www.gammaraysolutions.com\/","name":"Gamma Ray Solutions, s.r.o.","description":"","potentialAction":[{"@type":"SearchAction","target":{"@type":"EntryPoint","urlTemplate":"https:\/\/www.gammaraysolutions.com\/?s={search_term_string}"},"query-input":"required name=search_term_string"}],"inLanguage":"sk-SK"}]}},"_links":{"self":[{"href":"https:\/\/www.gammaraysolutions.com\/index.php?rest_route=\/wp\/v2\/pages\/15"}],"collection":[{"href":"https:\/\/www.gammaraysolutions.com\/index.php?rest_route=\/wp\/v2\/pages"}],"about":[{"href":"https:\/\/www.gammaraysolutions.com\/index.php?rest_route=\/wp\/v2\/types\/page"}],"author":[{"embeddable":true,"href":"https:\/\/www.gammaraysolutions.com\/index.php?rest_route=\/wp\/v2\/users\/1"}],"replies":[{"embeddable":true,"href":"https:\/\/www.gammaraysolutions.com\/index.php?rest_route=%2Fwp%2Fv2%2Fcomments&post=15"}],"version-history":[{"count":2,"href":"https:\/\/www.gammaraysolutions.com\/index.php?rest_route=\/wp\/v2\/pages\/15\/revisions"}],"predecessor-version":[{"id":29,"href":"https:\/\/www.gammaraysolutions.com\/index.php?rest_route=\/wp\/v2\/pages\/15\/revisions\/29"}],"wp:attachment":[{"href":"https:\/\/www.gammaraysolutions.com\/index.php?rest_route=%2Fwp%2Fv2%2Fmedia&parent=15"}],"curies":[{"name":"wp","href":"https:\/\/api.w.org\/{rel}","templated":true}]}}